*2 - 228*m - 1807. Determine o(-67).
2
Let t(g) = 13*g + 132. Calculate t(-13).
-37
Let u(j) = -j**2 - 118*j - 324. Give u(-3).
21
Let x(i) = -i**3 - 5*i**2 - i + 34. Determine x(-7).
139
Let z(b) = -5*b**2 + 37*b + 28. What is z(8)?
4
Let d(v) = -v**2 + 45*v - 437. What is d(31)?
-3
Let h(g) = -3*g**3 + 6*g**2 + 12*g + 21. What is h(3)?
30
Let d(o) = -o**3 + 109*o**2 + 116*o - 678. Determine d(110).
-18
Let v(f) = -196*f + 5808. Give v(30).
-72
Let a(d) = -126*d - 112. Calculate a(-1).
14
Let o(u) = 3*u**2 - 81*u + 483. Determine o(19).
27
Let m(k) = 10*k + 14. Calculate m(-8).
-66
Let f(j) = 3*j**2 - 14*j - 33. Calculate f(8).
47
Let b(l) = 66*l - 1291. What is b(21)?
95
Let h(f) = f + 82. Calculate h(-30).
52
Let k(g) = -21*g**3 + 148*g**2 - 20*g + 34. Calculate k(7).
-57
Let g(t) = -3*t**2 + 2*t - 14. What is g(-4)?
-70
Let r(h) = h**3 + 29*h**2 - 3*h + 22. What is r(-29)?
109
Let x(v) = -26*v**3 - v**2 + 8*v - 7. Determine x(2).
-203
Let g(h) = -7*h**3 + 226*h**2 - 64*h - 133. Calculate g(32).
-133
Let t(h) = 2*h + 51. What is t(3)?
57
Let p(m) = 3554*m + 106600. Give p(-30).
-20
Let r(l) = -3*l**3 - 30*l**2 - 41*l + 55. Calculate r(-8).
-1
Let w(p) = 28*p - 8. What is w(-7)?
-204
Let o(m) = -6*m - 32. Calculate o(-5).
-2
Let d(t) = 2734*t - 101153. What is d(37)?
5
Let l(v) = -3*v**2 + 96*v - 734. Calculate l(10).
-74
Let n(g) = -2*g**3 + 22*g**2 - 34*g - 9. What is n(2)?
-5
Let g(v) = -v**3 + 6*v**2 + 68*v + 7. Determine g(-6).
31
Let i(a) = -a**3 - 11*a**2 + 4*a - 2. Determine i(-11).
-46
Let y(j) = 2*j**2 + 45*j + 219. Determine y(-7).
2
Let o(a) = 317*a - 1265. Give o(4).
3
Let p(t) = t**2 + 6*t - 961. What is p(30)?
119
Let n(c) = -46*c + 60. What is n(-6)?
336
Let m(o) = -2*o**3 + 6*o**2 + 59*o - 302. Determine m(7).
-281
Let b(w) = -w**3 - 10*w**2 + 3*w + 51. Give b(-6).
-111
Let n(x) = x**3 - 99*x**2 + 100*x - 206. Determine n(98).
-10
Let u(n) = n**3 - 28*n**2 + 28*n + 72. Calculate u(27).
99
Let o(h) = h**2 - 1097*h + 10847. What is o(10)?
-23
Let i(y) = -7*y**2 + 55*y + 27. Give i(8).
19
Let b(a) = a**3 - a**2 + 4*a + 9. What is b(5)?
129
Let l(z) = -z**3 + 16*z**2 - 25*z + 59. Calculate l(14).
101
Let i(b) = 5*b**2 + 133*b + 72. Calculate i(-26).
-6
Let x(t) = -11*t**2 - 12*t + 113. What is x(6)?
-355
Let u(i) = 20*i**2 - 81*i. Calculate u(4).
-4
Let i(b) = b**3 - 25*b**2 - 34*b + 73. What is i(26)?
-135
Let w(i) = -8*i - 1. Calculate w(4).
-33
Let a(d) = 5*d**3 - 28*d**2 + 10*d + 29. Give a(5).
4
Let q(a) = -455*a + 8646. Give q(19).
1
Let o(b) = b**3 + 13*b**2 + 13*b - 41. What is o(-10)?
129
Let q(g) = 48*g - 37. What is q(-1)?
-85
Let a(h) = -102*h + 1295. Determine a(13).
-31
Let y(g) = -100*g + 660. Determine y(6).
60
Let s(x) = -x**3 + 3*x**2 - 4*x - 63. What is s(6)?
-195
Let h(v) = -v**3 + 55*v**2 - 111*v + 315. Determine h(53).
50
Let o(t) = 6*t - 297. Give o(57).
45
Let a(b) = -1797*b + 17973. What is a(10)?
3
Let b(k) = k**3 - 408*k + 168. Determine b(20).
8
Let g(z) = z**3 - 13*z**2 + 74*z - 110. Calculate g(2).
-6
Let n(i) = -14*i + 555. Give n(17).
317
Let u(v) = v**3 - 16*v**2 - 30*v - 96. Give u(18).
12
Let r(l) = -190*l + 30572. What is r(161)?
-18
Let b(l) = -l**2 + 3*l + 34. Calculate b(9).
-20
Let j(k) = -k**2 + 43*k - 394. What is j(21)?
68
Let t(l) = -20*l + 601. Determine t(0).
601
Let y(z) = -z**2 - 41*z + 19. Determine y(-50).
-431
Let f(b) = -28*b - 1896. What is f(-69)?
36
Let p(f) = 2*f**3 - 7*f**2 - 19*f + 1. Calculate p(4).
-59
Let m(v) = -v**3 - 15*v**2 - 46*v - 173. Give m(-11).
-151
Let f(w) = -2*w**2 - 46*w - 163. Determine f(-5).
17
Let s(g) = 46*g**2 - 48*g + 49. Calculate s(1).
47
Let s(j) = -j**3 + 41*j**2 + 46*j - 168. Calculate s(42).
0
Let t(j) = j**3 + 44*j**2 - 46*j - 57. Determine t(-45).
-12
Let l(z) = -z**3 - 18*z**2 + 285*z - 17. Determine l(10).
33
Let k(r) = 20*r**2 - 106*r - 101. What is k(9)?
565
Let q(h) = 2*h**2 - 31*h + 206. What is q(21)?
437
Let c(f) = 67*f - 118. Give c(2).
16
Let u(q) = q**3 - 37*q**2 + 82*q - 9. Give u(35).
411
Let p(z) = -14*z - 338. Calculate p(-28).
54
Let n(i) = 539*i + 5993. Determine n(-11).
64
Let i(f) = 2*f**2 + 7*f - 97. Give i(7).
50
Let x(r) = -r**2 - 25*r - 301. What is x(-10)?
-151
Let r(b) = -2*b**3 + 15*b**2 + 50*b. Determine r(10).
0
Let i(p) = -3016*p - 90484. What is i(-30)?
-4
Let r(n) = -13*n**2 - 706*n - 150. Calculate r(-54).
66
Let b(c) = -268*c - 2991. What is b(-11)?
-43
Let d(u) = -351*u + 14763. Determine d(42).
21
Let z(m) = m**3 - 100*m**2 - 209*m + 480. Give z(102).
-30
Let l(d) = d**3 + 35*d**2 - 88*d - 522. Give l(-37).
-4
Let u(l) = l**3 - 3*l**2 - l - 4. Give u(3).
-7
Let d(g) = -2*g**3 + 14*g**2 - 50. What is d(6)?
22
Let k(m) = m**3 + 14*m**2 + 22*m + 12. Determine k(-12).
36
Let y(b) = -b**3 - 43*b**2 - 66*b - 389. What is y(-42)?
619
Let y(i) = -45*i - 1355. Give y(-30).
-5
Let f(t) = -9*t**2 - 149*t - 246. Calculate f(-15).
-36
Let h(x) = -37*x - 182. Determine h(-15).
373
Let q(u) = -u**3 + 19*u**2 - 93*u + 38. Determine q(9).
11
Let l(y) = -939*y + 6598. Give l(7).
25
Let s(k) = 89*k + 723. Give s(-8).
11
Let v(w) = -4*w**2 - 46*w + 97. Determine v(-12).
73
Let y(m) = m**2 - 17*m - 37. Give y(10).
-107
Let j(w) = w**2 + 23*w - 84. Determine j(-27).
24
Let o(w) = 4*w**3 - 4*w**2 + 16*w - 14. What is o(1)?
2
Let i(r) = r**3 - 29*r**2 + 107*r - 179. Give i(25).
-4
Let b(n) = 2*n**2 - 9*n + 5. Give b(4).
1
Let p(h) = -2*h**2 - 10*h + 31. Calculate p(-10).
-69
Let i(v) = v**3 + 29*v**2 + 151*v - 26. What is i(-7)?
-5
Let h(q) = 2*q**2 + 70*q + 14. Calculate h(0).
14
Let i(d) = -6*d**3 + 37*d**2 + 4*d - 10. Determine i(6).
50
Let o(l) = -l**3 + 3*l**2 - 31*l + 105. What is o(3)?
12
Let p(a) = -2*a**2 - 127*a - 416. Determine p(-60).
4
Let c(b) = -16*b - 23. What is c(9)?
-167
Let q(c) = -c**3 - 36*c**2 - 44*c - 280. What is q(-35)?
35
Let p(l) = 22*l - 1019. What is p(46)?
-7
Let v(d) = d**2 + 11*d - 720. Give v(-33).
6
Let s(w) = 5*w**2 - 35*w - 72. What is s(15)?
528
Let k(x) = -28*x**2 + 49*x + 23. Give k(6).
-691
Let m(o) = 1022*o + 4358. Give m(-4).
270
Let x(o) = 5*o**2 + 21*o - 26. Give x(6).
280
Let v(k) = k**3 + 62*k**2 - 125*k + 135. Determine v(-64).
-57
Let w(c) = 28*c + 222. Determine w(-15).
-198
Let c(v) = 5*v**2 + 35*v - 104. Give c(3).
46
Let y(z) = -2*z**2 + 2*z + 71. Determine y(10).
-109
Let m(r) = -r**3 - 8*r**2 - 5*r + 12. What is m(-9)?
138
Let h(n) = 58*n - 8148. Determine h(141).
30
Let g(h) = -187*h**2 + 1509*h - 115. Calculate g(8).
-11
Let j(m) = m**3 + 9*m**2 - 4*m + 177. Calculate j(-11).
-21
Let c(q) = q**3 + 8*q**2 - 78*q - 14. Give c(6).
22
Let g(y) = -3*y - 25. Determine g(-4).
-13
Let s(b) = 3*b**2 - 2*b - 5. Determine s(-6).
115
Let s(i) = i**3 + 11*i**2 + 34*i + 22. Calculate s(-5).
2
Let u(j) = 3*j**3 - 193*j**2 + 61*j + 198. Give u(64).
6
Let h(d) = 9*d**2 + 53*d + 55. Determine h(-3).
-23
Let z(h) = 846*h - 5091. Determine z(6).
-15
Let a(t) = -t**3 + 76*t**2 - 146*t - 149. Calculate a(74).
-1
Let i(s) = -s**3 + 266*s + 389. Determine i(17).
-2
Let g(s) = s**2 + 9*s + 83. Determine g(-13).
135
Let o(l) = -128*l + 301. Calculate o(9).
-851
Let p(d) = 62*d - 501. What is p(13)?
305
Let n(t) = t**2 + 47*t + 404. Give n(-37).
34
Let h(c) = -2*c**3 + 18*c**2 + 72*c + 9. Calculate h(12).
9
Let y(t) = t**2 + 99*t - 708. What is y(7)?
34
Let h(c) = -c**2 - 209*c - 5060. What is h(-28)?
8
Let q(l) = 4511*l - 4524. What is q(1)?
-13
Let u(p) = 439*p - 5252. Calculate u(12).
16
Let o(u) = -9*u + 70. What is o(-9)?
151
Let h(v) = -v**3 + 8*v**2 + 169*v - 29. Determine h(18).
-227
Let k(u) = -28*u + 20. Give k(3).
-64
Let i(m) = 87*m + 1310. Determine i(-15).
5
Let k(j) = 146*j**2 - 422*j - 55. What is k(3)?
-7
Let x(c) = 60*c - 168. What is x(3)?
12
Let z(i) = i**3 + 11*i**2 + 2*i + 26. Give z(-13).
-338
Let b(n) = -53*n + 141. Determine b(3).
-18
Let f(p) = 24*p + 471. Determine f(-19).
15
Let s(m) = -23*m - 2743. What is s(-124)?
109
Let o(t) = 1035*t - 4169. Give o(4).
-29
Let s(x) = -785*x + 3124. Calculate s(4).
-16
Let i(u) = 5*u**2 - 84*u - 90. What is i(18)?
18
Let f(o) = 947*o + 3752. Calculate f(-4).
-36
Let t(b) = 164*b + 1908. Give t(-11).
104
Let q(z) = -894*z + 3579. Determine q(4).
3
Let l(z) = -913*z + 8201. What is l(9)?
-16
Let w(u) = u**3 + 13*u**2 - 91*u - 22. Wha